{"id":6779,"date":"2019-06-26T15:41:24","date_gmt":"2019-06-26T15:41:24","guid":{"rendered":"http:\/\/impreza.us-themes.com\/?page_id=6779"},"modified":"2020-06-28T14:33:20","modified_gmt":"2020-06-28T11:33:20","slug":"grid-templates","status":"publish","type":"page","link":"https:\/\/bursahasereilaclama.com\/index.php\/grid-templates\/","title":{"rendered":"Hizmetlerimiz"},"content":{"rendered":"<section class=\"l-section wpb_row height_auto color_footer-top\"><div class=\"l-section-h i-cf\"><div class=\"g-cols vc_row type_default valign_top\"><div class=\"vc_col-sm-12 wpb_column vc_column_container\"><div class=\"vc_column-inner\"><div class=\"wpb_wrapper\"><h1 class=\"w-post-elm post_title align_left entry-title\" style=\"font-family:&#039;Open Sans&#039;, sans-serif;\" itemprop=\"headline\">Hizmetlerimiz<\/h1><\/div><\/div><\/div><\/div><\/div><\/section><section class=\"l-section wpb_row height_small\" id=\"blog_1\"><div class=\"l-section-h i-cf\"><div class=\"g-cols vc_row type_default valign_top\"><div class=\"vc_col-sm-12 wpb_column vc_column_container\"><div class=\"vc_column-inner\"><div class=\"wpb_wrapper\"><div class=\"w-separator size_medium with_line width_default thick_1 style_solid color_border align_center\" id=\"blog_14\"><div class=\"w-separator-h\"><\/div><\/div><div class=\"w-grid type_grid layout_blog_14\" id=\"us_grid_1\"><style id=\"us_grid_1_css\">#us_grid_1 .w-grid-item:not(:last-child){margin-bottom:3rem}#us_grid_1 .g-loadmore{margin-top:3rem}<\/style><style>#us_grid_1 .w-grid-item-h{}#us_grid_1 .usg_hwrapper_1{background:#eeeeee}#us_grid_1 .usg_vwrapper_1{width:48%;flex-shrink:0}#us_grid_1 .usg_post_date_1{font-size:0.9rem}#us_grid_1 .usg_post_title_1{font-weight:700;line-height:1.2}#us_grid_1 .usg_post_content_1{font-size:0.9rem}#us_grid_1 .usg_post_image_1{width:50%;flex-shrink:0}@media (max-width:479px){#us_grid_1 .usg_post_image_1{display:none !important}}#us_grid_1 .usg_hwrapper_1{margin-left:10%;padding-top:6%;padding-bottom:6%}#us_grid_1 .usg_vwrapper_1{margin-left:7%}#us_grid_1 .usg_post_image_1{margin-left:-11%;margin-right:0}<\/style><div class=\"w-grid-list\"><article class=\"w-grid-item ratio_1x1 size_1x1 post-7636 us_portfolio type-us_portfolio status-publish has-post-thumbnail hentry us_portfolio_category-is-yeri-ilaclama\" data-id=\"7636\">\r\n\t<div class=\"w-grid-item-h\">\r\n\t\t\t\t\t<a class=\"w-grid-item-anchor\" href=\"https:\/\/bursahasereilaclama.com\/index.php\/portfolio\/is-yeri-ilaclama\/\" rel=\"bookmark\" aria-label=\"\u0130\u015f Yeri \u0130la\u00e7lama\"><\/a>\r\n\t\t\t\t<div class=\"w-hwrapper usg_hwrapper_1 align_left valign_center \"><div class=\"w-post-elm post_image usg_post_image_1 stretched\"><a href=\"https:\/\/bursahasereilaclama.com\/index.php\/portfolio\/is-yeri-ilaclama\/\" aria-label=\"\u0130\u015f Yeri \u0130la\u00e7lama\"><img width=\"640\" height=\"428\" src=\"data:image\/gif;base64,R0lGODlhAQABAIAAAAAAAP\/\/\/yH5BAEAAAAALAAAAAABAAEAAAIBRAA7\" data-lazy-type=\"image\" data-src=\"https:\/\/bursahasereilaclama.com\/wp-content\/uploads\/2020\/06\/docklands-353710_640.jpg\" class=\"lazy lazy-hidden attachment-large size-large wp-post-image\" alt=\"\" loading=\"lazy\" srcset=\"\" data-srcset=\"https:\/\/bursahasereilaclama.com\/wp-content\/uploads\/2020\/06\/docklands-353710_640.jpg 640w, https:\/\/bursahasereilaclama.com\/wp-content\/uploads\/2020\/06\/docklands-353710_640-300x201.jpg 300w\" sizes=\"(max-width: 640px) 100vw, 640px\" \/><\/a><\/div><div class=\"w-vwrapper usg_vwrapper_1 align_left valign_top \"><time class=\"w-post-elm post_date usg_post_date_1 entry-date published\" datetime=\"2020-06-28T14:23:55+03:00\" title=\"28 Haziran 2020, 14:23:55 +03:00\">28 Haz 2020<\/time><h2 class=\"w-post-elm post_title usg_post_title_1 entry-title color_link_inherit\"><a href=\"https:\/\/bursahasereilaclama.com\/index.php\/portfolio\/is-yeri-ilaclama\/\">\u0130\u015f Yeri \u0130la\u00e7lama<\/a><\/h2><div class=\"w-post-elm post_content usg_post_content_1\">\u0130\u015fletmeniz \u0130\u00e7in Ha\u015fere Y\u00f6netimi Hizmetleri Ne t\u00fcr bir i\u015fte olursan\u0131z olun, sizin i\u00e7in bir \u00e7\u00f6z\u00fcm\u00fcm\u00fcz var.\u00a0Anona hizmetinizden neler bekleyebilece\u011finizi \u00f6\u011frenin. Anona Zararl\u0131larla M\u00fccadele Hizmetlerini se\u00e7ti\u011finizde, i\u015fletmenizin \u00f6zel ihtiya\u00e7lar\u0131n\u0131 kar\u015f\u0131layan bir&hellip;<\/div><\/div><\/div>\t<\/div>\r\n<\/article>\r\n<\/div>\t<div class=\"w-grid-json hidden\" onclick='return {&quot;ajax_url&quot;:&quot;https:\\\/\\\/bursahasereilaclama.com\\\/wp-admin\\\/admin-ajax.php&quot;,&quot;permalink_url&quot;:&quot;https:\\\/\\\/bursahasereilaclama.com\\\/index.php\\\/portfolio\\\/is-yeri-ilaclama\\\/&quot;,&quot;action&quot;:&quot;us_ajax_grid&quot;,&quot;max_num_pages&quot;:1,&quot;infinite_scroll&quot;:0,&quot;template_vars&quot;:{&quot;query_args&quot;:{&quot;post_type&quot;:[&quot;us_portfolio&quot;],&quot;tax_query&quot;:[{&quot;taxonomy&quot;:&quot;us_portfolio_category&quot;,&quot;field&quot;:&quot;slug&quot;,&quot;terms&quot;:[&quot;is-yeri-ilaclama&quot;]}],&quot;post_status&quot;:[&quot;publish&quot;],&quot;orderby&quot;:{&quot;date&quot;:&quot;DESC&quot;},&quot;posts_per_page&quot;:&quot;1&quot;},&quot;post_id&quot;:6779,&quot;us_grid_index&quot;:1,&quot;us_grid_ajax_index&quot;:1,&quot;exclude_items&quot;:&quot;none&quot;,&quot;items_offset&quot;:&quot;1&quot;,&quot;items_layout&quot;:&quot;blog_14&quot;,&quot;type&quot;:&quot;grid&quot;,&quot;columns&quot;:&quot;1&quot;,&quot;img_size&quot;:&quot;default&quot;,&quot;overriding_link&quot;:&quot;post&quot;}}'><\/div>\r\n<\/div><div class=\"w-separator size_medium with_line width_default thick_1 style_solid color_border align_center\" id=\"blog_14\"><div class=\"w-separator-h\"><\/div><\/div><div class=\"w-grid type_grid layout_blog_13\" id=\"us_grid_2\"><style id=\"us_grid_2_css\">#us_grid_2 .w-grid-item:not(:last-child){margin-bottom:3rem}#us_grid_2 .g-loadmore{margin-top:3rem}<\/style><style>#us_grid_2 .w-grid-item-h{}#us_grid_2 .usg_hwrapper_1{background:#eeeeee;color:#3b3d40}#us_grid_2 .usg_vwrapper_1{width:48%;flex-shrink:0}#us_grid_2 .usg_post_date_1{font-size:0.9rem}#us_grid_2 .usg_post_title_1{font-weight:700;line-height:1.2}#us_grid_2 .usg_post_content_1{font-size:0.9rem}#us_grid_2 .usg_post_image_1{width:50%;flex-shrink:0}@media (max-width:479px){#us_grid_2 .usg_post_image_1{display:none !important}}#us_grid_2 .usg_hwrapper_1{margin-right:10%;padding-top:6%;padding-bottom:6%}#us_grid_2 .usg_vwrapper_1{margin-left:6%;margin-right:0}#us_grid_2 .usg_post_image_1{margin-left:7%}<\/style><div class=\"w-grid-list\"><article class=\"w-grid-item ratio_1x1 size_1x1 post-7644 us_portfolio type-us_portfolio status-publish has-post-thumbnail hentry us_portfolio_category-ev-ilaclama\" data-id=\"7644\">\r\n\t<div class=\"w-grid-item-h\">\r\n\t\t\t\t<div class=\"w-hwrapper usg_hwrapper_1 align_left valign_center \"><div class=\"w-vwrapper usg_vwrapper_1 align_left valign_top \"><time class=\"w-post-elm post_date usg_post_date_1 entry-date published\" datetime=\"2020-06-28T14:27:27+03:00\" title=\"28 Haziran 2020, 14:27:27 +03:00\">28 Haz 2020<\/time><h2 class=\"w-post-elm post_title usg_post_title_1 entry-title color_link_inherit\"><a href=\"https:\/\/bursahasereilaclama.com\/index.php\/portfolio\/ev-ilaclama\/\">Ev \u0130la\u00e7lama<\/a><\/h2><div class=\"w-post-elm post_content usg_post_content_1\">Anona yerli ha\u015fere kontrol hizmetleri sunar ve g\u00fcvenebilece\u011finiz ve b\u00f6lgenizdeki her t\u00fcrl\u00fc ha\u015fere problemiyle ba\u015fa \u00e7\u0131kabilece\u011finiz isimdir. Aileniz, arkada\u015flar\u0131n\u0131z ve evcil hayvanlar\u0131n\u0131z i\u00e7in h\u0131zl\u0131 ve etkili olan ve en \u00fcst&hellip;<\/div><\/div><div class=\"w-post-elm post_image usg_post_image_1 stretched\"><a href=\"https:\/\/bursahasereilaclama.com\/index.php\/portfolio\/ev-ilaclama\/\" aria-label=\"Ev \u0130la\u00e7lama\"><img width=\"640\" height=\"426\" src=\"data:image\/gif;base64,R0lGODlhAQABAIAAAAAAAP\/\/\/yH5BAEAAAAALAAAAAABAAEAAAIBRAA7\" data-lazy-type=\"image\" data-src=\"https:\/\/bursahasereilaclama.com\/wp-content\/uploads\/2020\/06\/residential.jpg\" class=\"lazy lazy-hidden attachment-large size-large wp-post-image\" alt=\"\" loading=\"lazy\" srcset=\"\" data-srcset=\"https:\/\/bursahasereilaclama.com\/wp-content\/uploads\/2020\/06\/residential.jpg 640w, https:\/\/bursahasereilaclama.com\/wp-content\/uploads\/2020\/06\/residential-300x200.jpg 300w\" sizes=\"(max-width: 640px) 100vw, 640px\" \/><\/a><\/div><\/div>\t<\/div>\r\n<\/article>\r\n<\/div>\t<div class=\"w-grid-json hidden\" onclick='return {&quot;ajax_url&quot;:&quot;https:\\\/\\\/bursahasereilaclama.com\\\/wp-admin\\\/admin-ajax.php&quot;,&quot;permalink_url&quot;:&quot;https:\\\/\\\/bursahasereilaclama.com\\\/index.php\\\/portfolio\\\/ev-ilaclama\\\/&quot;,&quot;action&quot;:&quot;us_ajax_grid&quot;,&quot;max_num_pages&quot;:1,&quot;infinite_scroll&quot;:0,&quot;template_vars&quot;:{&quot;query_args&quot;:{&quot;post_type&quot;:[&quot;us_portfolio&quot;],&quot;tax_query&quot;:[{&quot;taxonomy&quot;:&quot;us_portfolio_category&quot;,&quot;field&quot;:&quot;slug&quot;,&quot;terms&quot;:[&quot;ev-ilaclama&quot;]}],&quot;post_status&quot;:[&quot;publish&quot;],&quot;orderby&quot;:{&quot;date&quot;:&quot;DESC&quot;},&quot;posts_per_page&quot;:&quot;1&quot;},&quot;post_id&quot;:7636,&quot;us_grid_index&quot;:2,&quot;us_grid_ajax_index&quot;:1,&quot;exclude_items&quot;:&quot;none&quot;,&quot;items_offset&quot;:&quot;1&quot;,&quot;items_layout&quot;:&quot;blog_13&quot;,&quot;type&quot;:&quot;grid&quot;,&quot;columns&quot;:&quot;1&quot;,&quot;img_size&quot;:&quot;default&quot;,&quot;overriding_link&quot;:&quot;none&quot;}}'><\/div>\r\n<\/div><div class=\"w-separator size_medium with_line width_default thick_1 style_solid color_border align_center\" id=\"blog_14\"><div class=\"w-separator-h\"><\/div><\/div><div class=\"w-grid type_grid layout_blog_14\" id=\"us_grid_3\"><style id=\"us_grid_3_css\">#us_grid_3 .w-grid-item:not(:last-child){margin-bottom:3rem}#us_grid_3 .g-loadmore{margin-top:3rem}<\/style><style>#us_grid_3 .w-grid-item-h{}#us_grid_3 .usg_hwrapper_1{background:#eeeeee}#us_grid_3 .usg_vwrapper_1{width:48%;flex-shrink:0}#us_grid_3 .usg_post_date_1{font-size:0.9rem}#us_grid_3 .usg_post_title_1{font-weight:700;line-height:1.2}#us_grid_3 .usg_post_content_1{font-size:0.9rem}#us_grid_3 .usg_post_image_1{width:50%;flex-shrink:0}@media (max-width:479px){#us_grid_3 .usg_post_image_1{display:none !important}}#us_grid_3 .usg_hwrapper_1{margin-left:10%;padding-top:6%;padding-bottom:6%}#us_grid_3 .usg_vwrapper_1{margin-left:7%}#us_grid_3 .usg_post_image_1{margin-left:-11%;margin-right:0}<\/style><div class=\"w-grid-list\"><article class=\"w-grid-item ratio_1x1 size_1x1 post-7647 us_portfolio type-us_portfolio status-publish has-post-thumbnail hentry us_portfolio_category-dezenfekte-islemleri\" data-id=\"7647\">\r\n\t<div class=\"w-grid-item-h\">\r\n\t\t\t\t<div class=\"w-hwrapper usg_hwrapper_1 align_left valign_center \"><div class=\"w-post-elm post_image usg_post_image_1 stretched\"><a href=\"https:\/\/bursahasereilaclama.com\/index.php\/portfolio\/dezenfekte-islemleri\/\" aria-label=\"Dezenfekte \u0130\u015flemleri\"><img width=\"865\" height=\"487\" src=\"data:image\/gif;base64,R0lGODlhAQABAIAAAAAAAP\/\/\/yH5BAEAAAAALAAAAAABAAEAAAIBRAA7\" data-lazy-type=\"image\" data-src=\"https:\/\/bursahasereilaclama.com\/wp-content\/uploads\/2020\/06\/okul-foto-iha_16_9_1584092184.jpg\" class=\"lazy lazy-hidden attachment-large size-large wp-post-image\" alt=\"\" loading=\"lazy\" srcset=\"\" data-srcset=\"https:\/\/bursahasereilaclama.com\/wp-content\/uploads\/2020\/06\/okul-foto-iha_16_9_1584092184.jpg 865w, https:\/\/bursahasereilaclama.com\/wp-content\/uploads\/2020\/06\/okul-foto-iha_16_9_1584092184-300x169.jpg 300w\" sizes=\"(max-width: 865px) 100vw, 865px\" \/><\/a><\/div><div class=\"w-vwrapper usg_vwrapper_1 align_left valign_top \"><time class=\"w-post-elm post_date usg_post_date_1 entry-date published\" datetime=\"2020-06-28T14:32:44+03:00\" title=\"28 Haziran 2020, 14:32:44 +03:00\">28 Haz 2020<\/time><h2 class=\"w-post-elm post_title usg_post_title_1 entry-title color_link_inherit\"><a href=\"https:\/\/bursahasereilaclama.com\/index.php\/portfolio\/dezenfekte-islemleri\/\">Dezenfekte \u0130\u015flemleri<\/a><\/h2><div class=\"w-post-elm post_content usg_post_content_1\">Evinize, ofisinize, ortak kullan\u0131m alanlar\u0131na, cafenize, fabrikan\u0131za,e\u011fitim kurumunuza veya \u00f6zel ara\u00e7lar\u0131n\u0131za Dezenfeksiyon Uygulamas\u0131 yapt\u0131rmaya m\u0131 karar verdiniz ? \u00d6ncelikle bu uygulamada kullan\u0131lacak olan cihaz\u0131n \u00f6zelliklerini sorunuz!!! sonras\u0131nda cihaz i\u00e7inde var&hellip;<\/div><\/div><\/div>\t<\/div>\r\n<\/article>\r\n<\/div>\t<div class=\"w-grid-json hidden\" onclick='return {&quot;ajax_url&quot;:&quot;https:\\\/\\\/bursahasereilaclama.com\\\/wp-admin\\\/admin-ajax.php&quot;,&quot;permalink_url&quot;:&quot;https:\\\/\\\/bursahasereilaclama.com\\\/index.php\\\/portfolio\\\/dezenfekte-islemleri\\\/&quot;,&quot;action&quot;:&quot;us_ajax_grid&quot;,&quot;max_num_pages&quot;:1,&quot;infinite_scroll&quot;:0,&quot;template_vars&quot;:{&quot;query_args&quot;:{&quot;post_type&quot;:[&quot;us_portfolio&quot;],&quot;tax_query&quot;:[{&quot;taxonomy&quot;:&quot;us_portfolio_category&quot;,&quot;field&quot;:&quot;slug&quot;,&quot;terms&quot;:[&quot;dezenfekte-islemleri&quot;]}],&quot;post_status&quot;:[&quot;publish&quot;],&quot;orderby&quot;:{&quot;date&quot;:&quot;DESC&quot;},&quot;posts_per_page&quot;:&quot;1&quot;},&quot;post_id&quot;:7644,&quot;us_grid_index&quot;:3,&quot;us_grid_ajax_index&quot;:1,&quot;exclude_items&quot;:&quot;none&quot;,&quot;items_offset&quot;:&quot;1&quot;,&quot;items_layout&quot;:&quot;blog_14&quot;,&quot;type&quot;:&quot;grid&quot;,&quot;columns&quot;:&quot;1&quot;,&quot;img_size&quot;:&quot;default&quot;,&quot;overriding_link&quot;:&quot;none&quot;}}'><\/div>\r\n<\/div><div class=\"w-separator size_large\"><\/div><\/div><\/div><\/div><\/div><\/div><\/section>\n","protected":false},"excerpt":{"rendered":"Evinize, ofisinize, ortak kullan\u0131m alanlar\u0131na, cafenize, fabrikan\u0131za,e\u011fitim kurumunuza veya \u00f6zel ara\u00e7lar\u0131n\u0131za Dezenfeksiyon Uygulamas\u0131 yapt\u0131rmaya m\u0131 karar verdiniz ? \u00d6ncelikle bu uygulamada kullan\u0131lacak olan cihaz\u0131n \u00f6zelliklerini sorunuz!!! sonras\u0131nda cihaz i\u00e7inde var olan dezenfektan\u0131n MSDS, mikrobiyolojik ve vir\u00fcsidal test raporlar\u0131n\u0131 talep ediniz, \u0130nceleyiniz!!!","protected":false},"author":1,"featured_media":0,"parent":0,"menu_order":0,"comment_status":"closed","ping_status":"closed","template":"","meta":[],"_links":{"self":[{"href":"https:\/\/bursahasereilaclama.com\/index.php\/wp-json\/wp\/v2\/pages\/6779"}],"collection":[{"href":"https:\/\/bursahasereilaclama.com\/index.php\/wp-json\/wp\/v2\/pages"}],"about":[{"href":"https:\/\/bursahasereilaclama.com\/index.php\/wp-json\/wp\/v2\/types\/page"}],"author":[{"embeddable":true,"href":"https:\/\/bursahasereilaclama.com\/index.php\/wp-json\/wp\/v2\/users\/1"}],"replies":[{"embeddable":true,"href":"https:\/\/bursahasereilaclama.com\/index.php\/wp-json\/wp\/v2\/comments?post=6779"}],"version-history":[{"count":15,"href":"https:\/\/bursahasereilaclama.com\/index.php\/wp-json\/wp\/v2\/pages\/6779\/revisions"}],"predecessor-version":[{"id":7651,"href":"https:\/\/bursahasereilaclama.com\/index.php\/wp-json\/wp\/v2\/pages\/6779\/revisions\/7651"}],"wp:attachment":[{"href":"https:\/\/bursahasereilaclama.com\/index.php\/wp-json\/wp\/v2\/media?parent=6779"}],"curies":[{"name":"wp","href":"https:\/\/api.w.org\/{rel}","templated":true}]}}